
False
Suppose -w = -4*n - 1175, 0*n + 5760 = 5*w + 3*n. Let d be (-275)/(-50) - (2 - 9/6). Suppose -w = -d*m + 5760. Is m a composite number?
True
Let c(t) = -t**2 + 16*t - 59. Let z be c(6). Is (0 + 9992/16)*2*z prime?
True
Suppose -l + 963379 = 2*x, 4532765 - 679201 = 4*l - 8*x. Is l a prime number?
False
Let f(h) = -3*h - 4. Let t(a) = 3*a + 5. Let q(b) = 4*f(b) + 3*t(b). Let z be q(1). Is ((-2)/4)/((-1 + z)/930) prime?
False
Let v be (0 + -3 + -4)*(-8)/56. Is (0 - -24795) + (v/(-1) - 3) prime?
False
Suppose -n - 13*n = -336. Suppose -n*p + 21*p + 12399 = 0. Is p composite?
False
Let h(a) be the third derivative of -14*a**2 + 0 - 7/6*a**3 - 1/12*a**4 + 0*a - 23/60*a**6 + 1/15*a**5. Is h(-3) a composite number?
False
Suppose 150 = 3*h + s, h + 2*s = 3*h - 108. Let x = h + -43. Suppose 2342 = x*z - 6*z. Is z prime?
True
Let c(o) = -14*o + 2. Let m be c(0). Is 1/(0 - m/15598*-1) a prime number?
False
Suppose 2*z - 9*y - 72206 = -6*y, 5*y = -5*z + 180465. Is z a composite number?
False
Suppose -93*c + 51*c = -4101510. Is c composite?
True
Suppose 3*d + 0*d - 170857 = -4*b, 2*d + b - 113903 = 0. Suppose -130479 - d = -5*s + 5*u, 0 = 5*s + 3*u - 187406. Is s a composite number?
False
Suppose 1812*x = 1838*x - 4598438. Is x a prime number?
False
Suppose 31*v - 36*v = -3*c - 187019, 149611 = 4*v - c. Let z = -12963 + v. Is z a prime number?
True
Let g be 2/((-7)/(812/(-8))). Let y = g + -35. Is y/10 - (-3178)/5 a prime number?
False
Let r = -50 + 44. Is 3*((-499)/r)/(18/36) composite?
False
Let x(z) = 15*z + 86. Let v be x(-5). Suppose v*m = -2*m + 46787. Is m a prime number?
False
Suppose 496*u = 493*u + 37527. Suppose -c - 4908 = -u. Is c a composite number?
True
Let l(y) = 1396*y + 4. Let f be l(3). Suppose h + f = -3*v + 7*v, 0 = h + 4. Suppose -524 = -2*a - 2*u, -a - 5*u + v = 3*a. Is a a prime number?
True
Suppose -47*z - 1542565 = -2*y - 44*z, 0 = -5*y - z + 3856404. Is y composite?
True
Suppose -155*j + 455000 - 130830 = -45*j. Is j composite?
True
Let u(p) = p**2 - 9*p + 23. Let f be u(4). Suppose -5*b = -15, -f*s = -7*b + 9*b - 3357. Is s prime?
True
Let j = -4428 + 35869. Is j composite?
True
Let o = -67 + 72. Suppose -2*v + 4*v = 0. Suppose -3*t - o*t + 632 = v. Is t a prime number?
True
Is ((-2027438)/(-10))/(492/2460) prime?
False
Let a(t) = -10*t**2 - 48*t + 10. Let n be a(-5). Suppose 80*c - 71*c - 31077 = n. Is c a composite number?
True
Suppose -3*k = -3*v + 126 - 18, -v + 2*k = -32. Let s = 2577 - v. Is s a composite number?
True
Let f(q) = 628*q + 3119. Is f(21) prime?
False
Let a = 4164 - 261. Suppose -a = -p + 3*s, 13*p + 19515 = 18*p + 4*s. Is p composite?
True
Let s = -80746 + 158387. Is s composite?
False
Suppose 8*s = -17*s. Suppose i + s*i - 1580 = -5*l, -2*i = 3*l - 3167. Is i a prime number?
False
Suppose 257392 = -12*g + 1001092. Let z = g + -29838. Is z a composite number?
True
Let v(w) = w**2 - 10*w - 19. Let z be v(12). Suppose -z*n + 1215 = i - 1103, -3*i - 3*n = -6990. Is i a composite number?
False
Suppose 329 + 16183 = -6*y. Let c be (0 - -2)*y - (-20)/5. Let i = c + 8949. Is i composite?
False
Suppose 15*z = 12*z. Let s be (30 - z)*(-2)/(-6). Suppose s*w - 5*w - 955 = 0. Is w composite?
False
Let d = -3725537 - -5247578. Is d composite?
True
Let z = -386 - -1549. Suppose 2*r - 2*d + z = -5*d, -2293 = 4*r - 5*d. Let l = 1344 - r. Is l a prime number?
False
Is (255/102)/((3/41414)/(8 - 5)) a prime number?
False
Suppose 0 = -5*s + 4*d + 171, -82 = -2*s + 4*d + d. Suppose -13*i = -s*i + 22698. Is i composite?
True
Suppose -4*k = -3*t + 2687591, 528*t = 522*t - 3*k + 5375160. Is t composite?
False
Suppose 5*s - 21951 = -l, 13*l - s - 271158 = 13809. Is l prime?
False
Let v be 54/6 + -12 - -2. Suppose 5*m - 65 = -0*d - 5*d, 0 = -5*d - 25. Is (m + v)/((-1)/(-11)) a composite number?
True
Let j(h) = -23*h - 23. Let r(p) = p**3 - 10*p - 9*p**2 - 5*p - 8 + 5*p. Let m be r(10). Is j(m) a composite number?
True
Suppose -3*o + 2*l + 916857 = 0, 3*o + 282*l = 283*l + 916860. Is o composite?
False
Suppose 0 = -2*c + b - 5932 + 36489, 3*b + 3 = 0. Is c composite?
True
Let s(y) be the first derivative of 26/3*y**3 - 23 - 1/2*y**2 - 6*y. Is s(7) a prime number?
False
Let h(r) = -24*r**2 + 44*r + 99. Let d(i) = -13*i**2 + 22*i + 50. Let f(b) = -11*d(b) + 6*h(b). Is f(15) a composite number?
False
Suppose 2*u + 2*u + 152 = 2*h, 2*u - 2*h + 72 = 0. Let w = u - -173. Is w prime?
False
Is -3 + (-186)/(-66) + 267489/198*18 a prime number?
True
Is -16*(-531537)/192 + (1 - (-7)/(-4)) prime?
False
Let x be (3 - (-9)/(-4)) + (-1582)/8. Let h = x - -99. Let a = 129 + h. Is a a composite number?
False
Suppose -7*m + 3*g + 3434065 = 0, 48*g = -m + 43*g + 490559. Is m a composite number?
False
Let p(l) = 497*l - 25. Let s(h) = -993*h + 52. Let v(d) = 5*p(d) + 3*s(d). Is v(-8) prime?
False
Let i(y) = -4*y**3 - y**2 - 8*y - 15. Let b be i(8). Let f = -870 - b. Suppose -4*a + a + f = 4*k, -5*a = -k - 2217. Is a a composite number?
False
Suppose -w - 4 + 26 = 0. Suppose 16 = -2*u - 2*h - w, -44 = 2*u + 4*h. Let i(g) = -g**3 + 12*g**2 + 16*g - 5. Is i(u) a composite number?
False
Is 19/1 + 735876 + 46 a prime number?
False
Let z(o) = 1758*o - 2. Let w be z(1). Let j be w*(-2 + (-13)/(-4)). Let d = 3672 - j. Is d composite?
True
Let n = 65 - 52. Suppose n*a - a = 19860. Suppose a = -28*g + 33*g. Is g prime?
True
Suppose -78547269 + 11225553 = -84*a. Is a a composite number?
True
Is 1/(123981/61989 - 2) a prime number?
True
Suppose 4023 + 213 = 2*q. Suppose -296*s + 84 = -284*s. Suppose -4*g + s*g = q. Is g prime?
False
Let n be (-717)/((-6)/(-582)*1). Let y = n - -116300. Is y composite?
False
Suppose 432910 + 311285 = 15*w. Is w a composite number?
False
Let j(f) = -177*f - 24. Let l be j(-4). Let z = l + -271. Is z a prime number?
False
Suppose -5*q - g = -3*q - 356, 2*q = g + 348. Suppose 2*t = q + 314. Suppose -3*d + 2*h = -0*h - 167, -5*h = 5*d - t. Is d a prime number?
True
Let i = 586 - 1929. Let r = 51 + -133. Let q = r - i. Is q a prime number?
False
Let h = 61613 - -17996. Is h composite?
False
Let b = -75 + 115. Let p = b - 43. Is 6/p - 40*-3 a prime number?
False
Suppose 4*h = 3*o + 16870, 0 = -5*h + 5*o + 11729 + 9351. Is h a composite number?
True
Let w be (-8)/(-36) + (-196)/(-9). Suppose 24*l + 150 = w*l. Let o = 172 + l. Is o a prime number?
True
Let c be (29/2)/((-36)/(-3384)). Let b = c - -576. Is b a composite number?
True
Suppose k = 0, -4*j - j = -k - 10. Suppose -209 - 149 = -j*z. Is z a prime number?
True
Let s = -1718428 - -3141681. Is s a prime number?
False
Let c(s) = -s**2 - 16*s + 28. Let y be c(-18). Let z = y - -10. Suppose 0 = 2*h + k - 259, 0 = -h + 3*k - z*k + 134. Is h a composite number?
False
Suppose 0*o - o - 4556 = -2*c, -o + 3*c = 4555. Let h = o + 6801. Is h a prime number?
True
Suppose 4*w + 152 = 23*w. Suppose w*f + 2500 - 10940 = 0. Is f composite?
True
Suppose -2*z + g = -7811, 5*z - 3*g - 19514 = -5*g. Suppose m + 8804 = 4*t, 2*t - 504 - z = 2*m. Let v = t - 839. Is v a prime number?
True
Suppose -2*z + 4*v = -0*z - 222, -2*v = 3*z - 309. Let o be (8844/45)/4 + (-14)/z. Let r = -27 + o. Is r composite?
True
Suppose 0*f = 2*f + 2. Let d be (f + -67)*1172/(-8). Suppose -z = -5*g + 2*z + d, -z = 5*g - 9966. Is g prime?
True
Let o(i) = -i + 23. Let f(y) = y**3 - 9*y**2 + 11*y - 26. Let z be f(8). Let j = -6 + z. Is o(j) prime?
True
Let w = -5684 + 18571. Suppose f = -a + w + 3449, -3*a + 3*f = -48990. Is a composite?
False
Let r(p) = -292*p**3 + 26*p**2 + 76*p + 15. Is r(-10) composite?
True
Let v = 128895 + 552064. Is v a prime number?
True
Let u = 6060 + 3897. Suppose 2*v - 6638 = -5*f, 5*v - 2*v - u = -f. Is v a prime number?
True
Suppose -1047 = -3*i - 4092. Let y = i + 2748. Is y a prime number?
True
Let b = -215 - -186. Let h(n) = -118*n + 237. Is h(b) a composite number?
False
Suppose -5*v - 5*r = -9111 - 9094, -2*v + 7310 = -5*r. Suppose -3*s + v = -2*f, 3*f - 9 = 6*f. Is s a prime number?
True
Let i(s) = -16*s**2 + 15*s - 76. Let j be i(14). Is (j/(-8))/(10/40) composite?
True
Suppose -1685 = 4*x + l + 1652, -1664 = 2*x + 2*l. Let c = 526 - x. Is c prime?
True
Suppose -x = 5*x - 660. Let h = 123 - x. Is ((-10113)/9)/(h/(-39)) a composite number?
False
Suppose -5*b - 2*d = 25, -3*b + d - 12 = 